*m**2 - 1. Let z be p(4). Suppose 0 = -z*o + 17 + 28. What are the prime factors of o?
3, 5
Suppose 4*v - 32 = -4*v. Suppose -705 = -v*u - 11*u. List the prime factors of u.
47
Suppose 3*t + t - 2056 = -4*v, -4*v - 5*t + 2060 = 0. List the prime factors of v.
2, 3, 5, 17
List the prime factors of (-21)/(630/25360)*45/(-12).
2, 5, 317
Let c = -87 + 85. What are the prime factors of (-1281)/(-6) - -6 - c/4?
2, 5, 11
Let w = 15 - 7. Suppose b = -5*n - 9, -w*n - 4 = -4*n. List the prime factors of 20 + b/10*-5.
2, 11
Let z(w) = -w + 17. Let i be z(18). Let m = 113 + i. List the prime factors of m.
2, 7
Let d(c) = -c**3 + 8*c**2 + 8*c - 7. Let k be d(9). Let q = k - -130. Suppose 7*o - q = o. What are the prime factors of o?
19
Let d(t) = 7*t - 14. Let m be d(-10). Let z = -47 - m. List the prime factors of z.
37
Let d be 2 + (0 - 1) - -1. Suppose 3*m = -4*k + 17, k + d*k = 3*m - 3. Suppose o - 11 - 31 = -2*f, -k*f - 210 = -5*o. What are the prime factors of o?
2, 3, 7
Let x(c) = -8*c - 4. Let a be x(-4). Suppose 52 = -4*q - 3*m, -2*m + 0 = 2*q + a. What are the prime factors of q/25 - (-37)/5?
7
Let h(j) = 3*j + 54. Let z be h(0). Suppose -24 = -2*f + z. List the prime factors of f.
3, 13
Suppose -19*f + 20*f - 17 = 0. Let g = -5 - -10. Suppose -g*h + f + 33 = 0. What are the prime factors of h?
2, 5
Suppose 10*u - 21*u + 10934 = 0. List the prime factors of u.
2, 7, 71
Let r(b) = b**3 + 3*b**2 - 3*b + 8. Let q be r(4). Suppose 0 = v - 5*v - 2*d + q, 4*d - 34 = -v. What are the prime factors of v?
2, 13
Let i(m) = m**2 + m. Let v be i(-1). Suppose -3*l - 186 = -4*p, 5*l - 125 = -3*p - v. List the prime factors of p.
3, 5
Suppose -10 = -7*u + 6*u. Let i = 43 + u. List the prime factors of i.
53
Let g = -1320 - -1940. Suppose 0 = -5*l + g - 225. List the prime factors of l.
79
What are the prime factors of 228/152*344/6?
2, 43
Let s(p) = -p**3 - 5*p**2 + 6*p + 5. Let m be s(-6). Suppose -m*n + 320 + 15 = 0. What are the prime factors of n?
67
Suppose 2678 = k + 515. What are the prime factors of k?
3, 7, 103
Let i = -2155 - -4782. What are the prime factors of i?
37, 71
Let c = -3 - -7. Suppose -3*g = -c*g + 3. Let f = 29 - g. What are the prime factors of f?
2, 13
Let h = -13 + 26. Suppose -h*f + 6 = -11*f. What are the prime factors of f?
3
Let k = 12 - 22. Let t be k/(-85) - 8/68. Suppose t*w = -w + 17. What are the prime factors of w?
17
Let n(a) = -7*a + 3. Let j be 16/(-6) - (-7)/(-21). Let u be n(j). Suppose -2*o + 0 = -u. List the prime factors of o.
2, 3
Let u(x) = 157*x**2 + 21*x + 76. What are the prime factors of u(-3)?
2, 23, 31
Let j be 4/(-18) - (-28)/(-36). What are the prime factors of -2 - (1212/(-6) - (j + 2))?
3, 67
Let g(a) = 78*a + 113. What are the prime factors of g(7)?
659
Let o = -492 - -822. Suppose 4*l + 30 = o. List the prime factors of l.
3, 5
Let a(z) = -z**3 + 8*z**2 + 8*z - 3. Let f be a(9). Let u = f - -14. Suppose -5*x = 5*n - 20, -n + 41 = 4*x - u*n. What are the prime factors of x?
3
Suppose 3*n - 7249 = -8*n. What are the prime factors of n?
659
Let g = -6 - -5. Let y be g*6 - (0 + 3). Let v = -4 - y. What are the prime factors of v?
5
Let z be 104 - (-1 - (0 - (-2)/(-2))). Suppose -3*x + 5*c = -4*x + z, x - 104 = -2*c. What are the prime factors of x?
2, 13
Suppose -2*r - 124 = -2*j - 2*j, 4 = -j. Suppose -i + 2*s = -3*i - 52, -3*i - 73 = -2*s. List the prime factors of 2/10 + r/i.
3
Let r(v) = 94*v + 17. List the prime factors of r(7).
3, 5
Let a(o) = 7*o**2 - o + 2. Suppose 3*v - 2*x = 2*v - 7, -4*x = -4*v - 12. What are the prime factors of a(v)?
2
Let h(v) be the first derivative of 5*v**2 - 7. List the prime factors of h(5).
2, 5
Suppose 6*y - 2*t + 127 = 7*y, 5*t + 575 = 5*y. What are the prime factors of y?
7, 17
Let m = -1310 - -1980. What are the prime factors of m?
2, 5, 67
Let t = -17 - -16. List the prime factors of t/(865/290 - 9/3).
2, 29
Let r(f) = -56*f + 3. Let w be r(4). Let s = w - -312. List the prime factors of s.
7, 13
Suppose 0 = -r - 4, -4983 = -5*a - 2*r + 4*r. List the prime factors of a.
5, 199
Let y = -91 - -351. What are the prime factors of y?
2, 5, 13
Let h(m) = m**2 + 10*m + 9. Let j be h(-9). Suppose j = -5*l + 3*l + 30. List the prime factors of l.
3, 5
Suppose -z - 4*h + 153 = 0, -3*h + 152 = z + 2*h. Suppose 0 = -l - 32 + z. What are the prime factors of l?
5
Suppose 0 = 12*j - 13049 + 4037. What are the prime factors of j?
751
Suppose -c + 18 = v + 2, -1 = v. List the prime factors of c.
17
Let u = 98 + -95. Suppose u*z - 14*z = -2178. List the prime factors of z.
2, 3, 11
Let d = 23 + -23. Suppose d = -3*m + 4*n - 96, n = 3*m + 2*m + 143. Let s = 36 + m. What are the prime factors of s?
2
Suppose 38523 + 14838 = 33*n. List the prime factors of n.
3, 7, 11
Let p = 2116 - 1201. List the prime factors of p.
3, 5, 61
Let x = -64 + 36. Let f = 5 - x. List the prime factors of f.
3, 11
Let z(x) = 19*x - 2. Let d be (-5)/(-10) - (-7)/(-2). Let j be z(d). Let r = -2 - j. What are the prime factors of r?
3, 19
Let m(k) = -11*k + 4 - 9 + 3*k. List the prime factors of m(-6).
43
Let d = -10 - -18. Suppose d*l - 3*l - 134 = -3*j, 4*j = 2*l - 64. Let a = -2 + l. List the prime factors of a.
2, 13
Let u be (-27)/(-3 + 0) + -3. Let q(p) = u*p - 6*p**2 + 6*p**2 - 5 + 2*p**2. What are the prime factors of q(-6)?
31
Let f be 111 - (-2 - -1)*(-29)/(-29). Suppose 7 - 3 = 2*d. What are the prime factors of 1/(d/f) + -1?
5, 11
Suppose 0*z - 182 = -7*z. What are the prime factors of (-2)/(1/(-1)) + z?
2, 7
Suppose -u = -5*d - 265, -d = -0*u + 5*u - 1273. Suppose -g - u = -4*g + 2*n, -3*n + 406 = 5*g. What are the prime factors of g?
83
Suppose 4*o - 4*g = 1108, 2*o - 3*g = -3*o + 1391. What are the prime factors of o?
2, 5, 7
Suppose -5*g + 200 = -95. Suppose -d + 4 = 0, -2*p + 259 = d + g. What are the prime factors of p?
2, 7
Let n be (-33)/3*(2 + 0). Let p(j) = -j**2 + 5*j + 12. Let q be p(-3). Let v = q - n. What are the prime factors of v?
2, 5
Let m(b) be the second derivative of -7/2*b**2 + 0 - 8*b + 2/3*b**3. List the prime factors of m(5).
13
Let w = 3 + 9. Let t = 17 - w. Suppose i - 22 = 5*d - 94, t*i - 4 = -d. List the prime factors of d.
2, 7
What are the prime factors of (36/(-14))/(39/(-55874))?
2, 3, 307
Let v = 803 + 1201. List the prime factors of v.
2, 3, 167
Suppose j + 3 = 3*d - 7, -2*d + 4*j + 20 = 0. Suppose -4 = -d*c - 0. Let v(f) = 5*f**3 - 2*f**2 - f. What are the prime factors of v(c)?
2, 3, 5
Let d = 23 + -26. What are the prime factors of (d/(-9))/(5/165)?
11
Let z be 4/(-6) - 44/33. What are the prime factors of (2 - 0) + (-18)/z?
11
Let c(s) be the second derivative of -s**3/6 + 25*s**2/2 + 8*s. List the prime factors of c(-25).
2, 5
Suppose -2*f + 11 = 3. Let u be f/(-4) - -3 - 2. Suppose -3*l + 84 + 42 = u. What are the prime factors of l?
2, 3, 7
Suppose -5*g = -2*u + 2524, 49*u - 51*u + 2*g + 2518 = 0. What are the prime factors of u?
3, 419
Let z(d) = -d**3 - 4*d**2 - 5*d + 4. Let x(i) = i + 3. Let h = -16 - -9. Let s be x(h). What are the prime factors of z(s)?
2, 3
Let t = 11 + 8. Let a = -8 - -4. Let u = t - a. List the prime factors of u.
23
Let s = 18 - 14. Suppose s*b - 11 = 3*q - 4*q, -5*q - 3*b + 21 = 0. Suppose -110 = -q*k - 23. List the prime factors of k.
29
Let w(y) be the third derivative of -y**6/120 + 2*y**5/15 + y**4/2 + 3*y**3/2 - 17*y**2. List the prime factors of w(9).
2, 3
Let p(u) = -u**3 + 10*u**2 - 9*u + 5. Suppose -d + 0*d = -2. Suppose -d*k = 4*b - 34 - 0, -4*k - 40 = -4*b. What are the prime factors of p(b)?
5
Suppose 114*n - 113*n - 1101 = 4*u, -5484 = -5*n - u. What are the prime factors of n?
1097
Let s = -10 + 0. Let p(i) be the third derivative of -i**5/60 - 13*i**4/24 - 4*i**3/3 - 27*i**2. List the prime factors of p(s).
2, 11
Let k = 11 - 6. Let i(g) = g**2 - g - 1. Let c be i(2). What are the prime factors of (123 - k)/(1 + c)?
59
Suppose 5*l - 7 = 4*r, 5*r + 5*l - 10 - 15 = 0. Suppose -3*z - 91 = -r*i - 0*i, 134 = 3*i - 4*z. What are the prime factors of i?
2, 19
Let g = -2 + 5. Suppose -2*s - 2*u + 4 = 0, g*s + u - 3*u - 6 = 0. Suppose 102 = j + s*j. List the prime factors of j.
2, 17
Let g(s) = s**3 - 12*s**2 - 25*s + 38. What are the prime factors of g(14)?
2, 5
Let r(x) = 11*x - 3. Let f(b) = -b + 1. Let m(n) = -24*f(